e factors of d?
2, 5, 7
List the prime factors of 5 - 30879/(-6) - 12/8.
2, 5, 103
Let k(j) = j**3 + j**2 + 4*j + 151. Let a be k(0). Suppose -7*o + 8*o - a = 0. List the prime factors of o.
151
Let v = -54 + 1. Let r = v - -57. Suppose -132 = -r*z - 2*z. List the prime factors of z.
2, 11
Suppose 24*l - l + 57753 = 0. Let z = -1775 - l. List the prime factors of z.
2, 23
Let y = 1908 + -1796. Let u be (3 - 4)/(1/(-191)). Let n = u - y. List the prime factors of n.
79
List the prime factors of (-2206)/((1 - -8)/(-18)).
2, 1103
Let d = -44 + -10. Let h = d + 56. What are the prime factors of (-11220)/(-95) + h/(-19)?
2, 59
What are the prime factors of ((-668955)/(-210))/((-1)/((-8)/2))?
2, 23, 277
Suppose -614 = 5*r - 35*n + 36*n, 0 = -5*r + 4*n - 619. Let f = 259 + r. What are the prime factors of f?
2, 17
Suppose 33 = -11*j, 2*u - 15*j - 40449 = -12*j. List the prime factors of u.
2, 3, 5, 337
Suppose -q + 43 - 40 = 0. Suppose -2*u + 574 = -2*z, 0 = -4*u - 0*u + q*z + 1143. What are the prime factors of u?
2, 3, 47
Let k = -83 - -88. Suppose -3*b + b = -2*r - 178, 3*r = k*b - 441. What are the prime factors of b?
3, 29
Suppose -p + 51 = 44. Suppose -4806 = -p*k - 1635. What are the prime factors of k?
3, 151
Let r(o) = 4*o**3 + 33*o**2 + o + 14. Let v(t) = 12*t**3 + 98*t**2 + 4*t + 41. Let a(u) = 8*r(u) - 3*v(u). List the prime factors of a(-9).
7, 73
Suppose 0 = 12*s - 8*s - 428. Suppose s + 99 = -2*p. Let y = 144 + p. What are the prime factors of y?
41
Let y be ((153692/(-8))/7)/((-2)/4). Suppose -5*q - 3*a - a + y = 0, -3283 = -3*q - 5*a. What are the prime factors of q?
3, 367
Let o = -71 + -542. Let j = -208 - o. List the prime factors of j.
3, 5
What are the prime factors of (-15)/6*332940/(-25)?
2, 3, 31, 179
Suppose 3*a + 10 = 5*u - 2*a, -5*u = -4*a - 10. Let p be u/4 + 6/4. Suppose -p*m = -18 - 66. List the prime factors of m.
2, 3, 7
Let b(k) be the third derivative of -k**6/120 + k**5/6 - 5*k**4/24 + 4*k**3/3 - 15*k**2. Let m be b(7). Let g = -72 + m. List the prime factors of g.
2, 3
List the prime factors of (443 - 348)*-1527*1/(-5).
3, 19, 509
Let u(y) = -y - 3. Let b be u(-11). Let h = -37 - -41. Suppose b*i = h + 452. List the prime factors of i.
3, 19
Let d = -14016 - -27287. List the prime factors of d.
23, 577
Let h(j) = 4*j**2 + 3*j - 12. Let q(p) = -p**3 + 4*p**2 + p - 7. Let w be q(3). Let u be h(w). Suppose -6*v - u + 601 = 0. List the prime factors of v.
83
Suppose -2*o + 5*f = -13588, 5*o + 212*f - 34040 = 207*f. What are the prime factors of o?
2, 3, 7
Let r be 4 + (-4)/(16/(-68)). Let m = -90 - -112. Suppose -r*b + m*b = 12. What are the prime factors of b?
2, 3
Suppose 22*m = -8*m + 68700. List the prime factors of m.
2, 5, 229
Suppose 10*c - 91*c + 8853 + 8724 = 0. List the prime factors of c.
7, 31
List the prime factors of (795424/132 - -5) + (-30)/(-495).
37, 163
Let x(p) = 137*p**2 - 63*p - 826. List the prime factors of x(-16).
2, 17627
Let j = -318 - -8351. What are the prime factors of j?
29, 277
Let z = 2 + -12. Let x be 1106/z + 4/(-10). Let q = x - -186. What are the prime factors of q?
3, 5
Suppose -3*m + 69 - 15 = 0. Let q(k) = 5*k**3 - 41 + 2*k - k**3 - 3*k**3 - 13*k - 17*k**2. What are the prime factors of q(m)?
5, 17
Let t(f) = 3*f**3 + 10*f**2 + 13*f + 5. Let n be t(-6). Let j = 963 + n. List the prime factors of j.
2, 7, 43
Let m be 3 - ((-2)/2 + -3 + -3643). Suppose 5*h = m + 2040. List the prime factors of h.
2, 569
Suppose 0 = -4*q - 2*u - 174, 120 = 2*q - 5*q + 2*u. Let a be (-14)/(-10) - (-1 + q/(-30)). What are the prime factors of 28 + a/((-3)/(0 - 3))?
29
Suppose 2*v - 1406 = 3*v - y, 0 = -2*v - y - 2812. Let u = -997 - v. List the prime factors of u.
409
Suppose -8*j = -7*j - 12. Suppose -11*f = -15*f - j. List the prime factors of (f - -13)/((-2)/(-6)).
2, 3, 5
Let y be 15*(-2)/(-40) - (-2207)/(-4). Let m = y - -1011. List the prime factors of m.
2, 5, 23
Suppose -48*v + 55*v = 35. Suppose 0 = d + d - h - 376, -3*d - v*h + 551 = 0. What are the prime factors of d?
11, 17
Let u = 104373 - 44475. List the prime factors of u.
2, 3, 67, 149
Suppose -x + 3*l + 26 = 5*l, -3*x + 99 = -l. Let o = x - 32. Suppose 4*h - 550 = -5*a, o = -3*h - 11 - 4. List the prime factors of a.
2, 3, 19
Let i be ((-735)/7)/(3/(-20)). Suppose 4*v - i = -4*w, 3*v - 2*w + w - 505 = 0. Suppose 5*k - 680 = -v. List the prime factors of k.
2, 3, 17
Suppose 0 = b + 4, 4*y + 2*b = 6*b + 40. Suppose 2016 = y*p + 2*p. What are the prime factors of p?
2, 3, 7
Suppose -5*m = -2*x - m + 30, 5*x - 2*m - 75 = 0. Suppose x*b = -715 + 5695. Suppose 0 = -4*l - h + 785 - 142, 2*l - b = -4*h. List the prime factors of l.
2, 5
Let y = 585 - 87. Let f = y + -82. List the prime factors of f.
2, 13
Let u(j) = -2*j**2 + 16*j - 11. Let p be u(7). List the prime factors of (0 + p)*266 + -8.
2, 5, 79
Let s = 419 - -4623. List the prime factors of s.
2, 2521
Let y be (-1622)/8 - 6/(-8). List the prime factors of y*((-2)/(-1) - (-20)/(-5)).
2, 101
Suppose 3*d = -3*y + 3, -3*d + 22 = d - 2*y. Suppose 0 = d*j - 9*j. Suppose 131 = 3*f - 4*l, 2*l + 158 = 4*f - j*l. List the prime factors of f.
37
Suppose 2*r + 2*i = 12, -4*r - i + 12 = -6. What are the prime factors of (240/150)/(2/4460*r)?
2, 223
Suppose 49*o + 31*o = 8*o + 491616. What are the prime factors of o?
2, 3, 569
Suppose -22*h - 19122 = -26*h + 3*y, 0 = -h - 5*y + 4792. What are the prime factors of h?
2, 3, 797
Let b(h) = 2*h**3 - 6*h - 2. Let k be b(-2). What are the prime factors of (k + (-712)/10)*(-25)/2?
5, 193
Let g(f) = -322*f + 11269. List the prime factors of g(20).
11, 439
Suppose -4*z + 16 = 0, 0 = -5*l + 5*z - 9*z + 886. Suppose -6*m + l = 3*o - 9*m, 3*o = m + 180. What are the prime factors of o?
61
Let r(u) = u**3 + 50*u**2 + 267*u - 48. What are the prime factors of r(-30)?
2, 3, 1657
Let o = 2 + 5. Suppose o + 49 = 7*a. What are the prime factors of -4 + a + (-3 - 1) - -180?
2, 3, 5
Let b(u) = -12*u + 2. Let s be b(-2). Let a = s - 17. Suppose -a = -4*i - d + 124, d = -5*i + 167. What are the prime factors of i?
2, 17
Suppose 0 = b + 3*g - 2992 - 23020, -2*g - 51976 = -2*b. List the prime factors of b.
2, 41, 317
Suppose 204*y - 202*y = 2*g - 142794, -214179 = -3*g - 3*y. What are the prime factors of g?
5, 109, 131
Suppose 77 = -5*k + 107. What are the prime factors of (-769)/(-3 - k/(-3))?
769
Let z(y) = -301*y + 2659. List the prime factors of z(0).
2659
Let w(h) = 6*h + 30. Suppose -2*v + 0 = 4*l - 10, 4*l = -8. Suppose 2*a + 5*g + 6 = 0, 4*g = -4*a + 3*a - v. What are the prime factors of w(a)?
2, 3
Suppose 1270 + 1261 = 6*n - 2155. What are the prime factors of n?
11, 71
What are the prime factors of (-10)/4 + (-18 - 643020/(-56))?
2, 11, 521
Let m = 54 - 56. Let g be m/(-5) - 1 - (-112)/20. What are the prime factors of (376/(-20))/((-16)/g + 3)?
2, 47
Let o be 2 + 29 + 8 + -17. Suppose -7924 - 4660 = -o*f. What are the prime factors of f?
2, 11, 13
Let o = 226 - 181. Suppose o*r - 36*r = 333. What are the prime factors of r?
37
Let x(q) = 187*q**2 + 2*q - 16. Let r be x(3). Let t = r + -979. What are the prime factors of t?
2, 347
Suppose -47049 = -v + 4*r, 5*r - 23052 - 24033 = -v. What are the prime factors of v?
5, 9413
Let j(u) = 4*u**2 + 69*u - 63. List the prime factors of j(52).
14341
Let f = 335 - 195. Suppose -3*m - m + f = 0. Let q = 44 - m. List the prime factors of q.
3
Suppose -21*q + 8*q + 128076 = 0. List the prime factors of q.
2, 3, 821
Suppose -2*p + 9982 = -65*c + 70*c, -6 = 3*c. What are the prime factors of p?
2, 1249
Suppose 3*y = 3*k - 4632, -26*y + 22*y = 2*k - 3100. Suppose -j = j - 4, j + k = 2*o. List the prime factors of o.
2, 3, 43
Suppose 4*s - 17 = -25. Let p be s/(20/535)*-2. Let x = 151 - p. List the prime factors of x.
2, 11
Let c(u) = -u**3 - 2*u**2 + 2*u - 11. Let j be c(0). Let o be j - -10 - 162/2. List the prime factors of o/(-4) - (-3 + 5)/4.
2, 5
Suppose -2625 - 1251 = -3*z. Let k = -729 + z. What are the prime factors of k?
563
Suppose 0 = -33*n + 55265 + 489037. What are the prime factors of n?
2, 3, 2749
Let o = 10 + -45. Suppose 0 = 4*z - 34 + 42, -5*h - 5*z - 655 = 0. Let q = o - h. List the prime factors of q.
2, 47
Let b = -22012 - -31124. List the prime factors of b.
2, 17, 67
Let h(g) = 399*g**2 + 1794*g